5*i = -v + 55. List the prime factors of i.
2, 5
Let a be (-3)/6 - 3/6. What are the prime factors of ((-5)/((-15)/(-36)))/a?
2, 3
Suppose k + k = 3*w - 11, -4 = -2*w + 3*k. Suppose -w*i = -20 - 25. List the prime factors of i.
3
Let v = 126 - 70. List the prime factors of v.
2, 7
Suppose -5*a + 13 = 2*z, -5*z - 2*a - 2 = -a. List the prime factors of (1/z)/(4/(-52)).
13
Let b(g) = g - 1. Let v be b(6). Suppose 0*o - 2 = -h - 2*o, v*h - 50 = -2*o. Suppose -3*d = -4*d + h. What are the prime factors of d?
2, 3
Let w = -12 - -23. List the prime factors of w.
11
Let b = 4 - 16. Let v = 10 - b. List the prime factors of v.
2, 11
Suppose -4*c - 52 = -r, -r - 2*r - c = -130. List the prime factors of r.
2, 11
Let c(d) = d + 4. Let b be c(-6). Let k(s) = 2*s + 6. What are the prime factors of k(b)?
2
Let q be (-2)/10 - (-16)/5. Suppose -5*h - q = -8. List the prime factors of h*-7*2/(-1).
2, 7
Suppose 5*n - 3*n = 0. Suppose 2*q - 24 = -2*v, -v + 16 = -n*q + 5*q. List the prime factors of v.
11
Let o = 98 + -11. List the prime factors of o.
3, 29
What are the prime factors of (-97)/(-3) - (42/(-18))/(-7)?
2
Suppose 0*w + c = 3*w - 406, 2*w - 2*c = 268. List the prime factors of w.
2, 17
Suppose -3*m = -m. Suppose -w + 2 = -2*k - 6, m = -5*k - 3*w - 9. Let y = k + 7. What are the prime factors of y?
2
Suppose 93 = 4*y - 5*s, 0*y - 2*y + 4*s + 54 = 0. Let u = 29 - y. List the prime factors of u.
2, 3
Suppose -2*r - 4*q + 3 = 7, 5*q + 35 = 5*r. Let l(m) = -3 + 3 + 3*m - m**2 - 11*m - r. List the prime factors of l(-7).
3
Suppose -4*y = -10*y + 276. List the prime factors of y.
2, 23
Suppose 14*c - 820 = 1420. List the prime factors of c.
2, 5
Let r(l) = -l**2 + 14*l - 2. Let o be r(6). Suppose 0 = -n - 14 + o. List the prime factors of n.
2
Let c(n) be the first derivative of -n**2 - 9*n - 6. List the prime factors of c(-14).
19
Let x = -329 + 530. What are the prime factors of x?
3, 67
Suppose -l - 5*c = 23, l + c = -3*l + 3. Suppose -3*a = -l*a - 3. Suppose -5*o = -5*i - 30, 0*i = 4*o + a*i - 45. What are the prime factors of o?
3
Suppose -3*b = j - 16, -3*b + 3 = 4*j - 34. What are the prime factors of 36/21 - (-2)/j?
2
Let r = 5 + -1. Let o be r/14 + 12/(-42). Let p = o - -10. List the prime factors of p.
2, 5
Let r(h) = 2*h + 3. Let w(t) = t**2 - 9*t - 8. Let y be w(6). Let o(p) = 9*p + 12. Let a(l) = y*r(l) + 6*o(l). What are the prime factors of a(6)?
2, 3
Let b = 7 + 351. List the prime factors of b.
2, 179
Suppose -538 = 28*l - 30*l. What are the prime factors of l?
269
Let c = -2 - -4. Suppose c*t + 10 = 2*q, q - 16 = 3*t - 5. List the prime factors of t/(-2 + 1)*1.
3
Suppose -68 = 2*q + u - 438, 0 = 5*q - u - 932. List the prime factors of q.
2, 3, 31
Suppose -3*p + 2*p = 0. Let a(f) = f**3 + 3*f**2 + 3*f + 2. Let m be a(-3). Let b = p - m. What are the prime factors of b?
7
Let d be (-2)/3 - (-22)/6. Suppose -2*u + 7 = -d*s, -u + s - 3 = -7. Let y(v) = v**3 - 5*v**2 + 2*v - 2. List the prime factors of y(u).
2
Suppose -6*x + 785 = -241. What are the prime factors of x?
3, 19
Suppose -x = -2*g + 9, -2*g - 4*x + 0 = -14. Let q(v) = 7*v - 5. Let c be q(g). Suppose 3*l + 3 = 2*l + 2*b, 5*l + 5*b = c. What are the prime factors of l?
3
List the prime factors of 8/20 + (-3294)/(-15) + 1.
13, 17
Let q(x) = -7*x**3 + 3*x**2 + x. Let v be q(-2). What are the prime factors of (-4)/(-8) - v/(-4)?
17
Let i = 33 - 19. What are the prime factors of i?
2, 7
Suppose 2*r = -0*r - 2. Let p be 0 + (-1 - r*3). Suppose 0 = 4*u - 5*j - 12, -u - p = -5*j + 10. What are the prime factors of u?
2
Let y = 28 - -5. Let r = -23 + y. List the prime factors of r.
2, 5
Let j be (-3 + 9)*(-1 - 1). Let p(o) = o**3 + 13*o**2 + 9*o - 8. What are the prime factors of p(j)?
2, 7
Let s(o) = o**3 - 25*o**2 - 21*o + 15. What are the prime factors of s(26)?
5, 29
Let f = 97 + -28. List the prime factors of f.
3, 23
Suppose -2*k + 170 = 42. What are the prime factors of k?
2
Let t = -7 - -11. Suppose -143 = -t*n + 33. What are the prime factors of n?
2, 11
Let o(p) = -p - 2. Let u be o(0). Let f be 10/4 + u/4. Let m(l) = 2*l**2 - 2*l + 1. List the prime factors of m(f).
5
Let z(g) = -g - 1. Let a(o) = -6*o - 22. Let s(x) = -a(x) + 5*z(x). Let m = 1 - 8. What are the prime factors of s(m)?
2, 5
What are the prime factors of (244 - 0)*(-4)/(-16)?
61
Suppose 0 = -0*b + 2*b - 12. List the prime factors of (24/(-18))/((-4)/b).
2
Let h(k) = 5*k**3 + k**2 + 3*k - 2. Suppose l = -o - 3*o + 9, -4*l = -4. What are the prime factors of h(o)?
2, 3
Suppose -u + 3*u - 2*j - 96 = 0, 3*u + 3*j - 120 = 0. What are the prime factors of u?
2, 11
Let s(n) be the first derivative of -1 + 1/2*n**2 - 3*n. List the prime factors of s(7).
2
What are the prime factors of (-65)/(-3)*-1*(-12)/4?
5, 13
Let o(v) = -2*v + 6*v - 3 + 5*v**2 + 10. List the prime factors of o(-3).
2, 5
Suppose -3*f + 0*f = -78. Suppose -2*g + f + 16 = 0. List the prime factors of g.
3, 7
Let y be (-3)/(-2) + (-3)/(-6). Suppose y = -3*j + j. List the prime factors of (-23 - (0 + j))/(-2).
11
Suppose -2*i - 238 = -3*w - 0*i, 0 = -w - 5*i + 102. List the prime factors of w.
2, 41
Suppose 0*v = -2*v + 4. Suppose -v*t = 6, t - 14 + 5 = 2*p. Let u = -3 - p. List the prime factors of u.
3
Suppose -16 = -2*q + 8. Suppose -4*u - 3*k = -12, q = -2*k + 5*k. Suppose -h = 2*j - 35, u = -j + 3*h - 2*h + 10. What are the prime factors of j?
3, 5
Suppose u + 5*h - 10 = -4*u, 4*h - 14 = -5*u. List the prime factors of u.
2, 3
List the prime factors of 2430/(-6)*(-9)/15.
3
Let t(d) = 2*d**3 - 10*d**2 + 6*d - 6. Suppose -2*a + 35 = 3*a. Let i be t(a). List the prime factors of 6/(-10) - i/(-20).
11
Suppose -53 + 258 = -5*f. Let u = -12 - f. What are the prime factors of u?
29
Suppose 6*y - y = -20. Let k be (4/3)/(y/(-6)). Let t = k - 0. List the prime factors of t.
2
Let a be ((-3)/(-2))/((-3)/(-6)). Let k(v) = 5*v**2 + v**3 + v**a - v**3 + v - 1. List the prime factors of k(-4).
11
Let c(m) = 79*m**2. Let n be c(-1). Let w = n + -54. What are the prime factors of w?
5
Suppose 3*j - 5*x + 0*x = 314, 0 = j + 5*x - 78. What are the prime factors of j?
2, 7
Suppose -5 = -3*h + 55. Suppose 5*j - h = -0*j. Suppose -j*i + 55 = 11. What are the prime factors of i?
11
Let o = -185 - -262. What are the prime factors of o?
7, 11
Let y = 65 + 33. List the prime factors of y.
2, 7
Let k(l) = l**3 + l**2. Let w be k(0). Suppose w = 3*s + 2 - 20. Suppose -6*u = -3*u - s. List the prime factors of u.
2
Suppose -n - 4*n = 40. Let g(m) = m**2 + 8*m + 11. List the prime factors of g(n).
11
Let f(w) = 7*w**3 + 11*w**2 + 13*w + 9. Let o(b) = 4*b**3 + 5*b**2 + 7*b + 4. Let v(p) = -3*f(p) + 5*o(p). What are the prime factors of v(-8)?
5
What are the prime factors of 9/6*304/6?
2, 19
Let u = -18 + 30. Let v = u - 8. Suppose 4*w - 65 = -3*x, -2*w + 24 = -v*x - 14. List the prime factors of w.
17
Let t(j) = -1 - 9 + 2 - 12*j. List the prime factors of t(-4).
2, 5
Let h = 34 + 105. What are the prime factors of h?
139
Suppose -95 = -8*z + 3*z. Suppose 2*r = -r - 2*j + 5, -5*r + 2*j = -z. List the prime factors of r.
3
Let w = 10 - 19. What are the prime factors of 3/(15/w - -2)?
3
Let n(h) be the first derivative of 2*h**3 - h**2/2 + h - 7. What are the prime factors of n(-2)?
3
Let d(w) = 3*w**3 - 1. Let f be d(1). List the prime factors of (-3)/((-1)/2*f).
3
Let d(h) = -h**3 - 13*h**2 + h + 15. Let j be d(-13). Suppose -y = -3*y + j*g + 38, -3*g = -6. What are the prime factors of y?
3, 7
Let n = 177 - 61. What are the prime factors of n?
2, 29
Suppose 3*g - 2*k = -6*k - 20, -3*g - 25 = 5*k. List the prime factors of 2/6*g + 2.
2
Suppose 6*c + 136 = 7*c. What are the prime factors of c?
2, 17
Let h = 33 - -25. List the prime factors of h.
2, 29
What are the prime factors of -618*1/(-7) + (-2)/7?
2, 11
Suppose -2 - 58 = -4*z. Suppose -3*l = -4*l + z. What are the prime factors of l?
3, 5
Suppose 5*d + 8 - 18 = 0. Suppose z + m - 13 = 3*m, d*m + 35 = 3*z. List the prime factors of z.
11
Let g(d) = 1 + 3 + d + 5 + 1. What are the prime factors of g(5)?
3, 5
Let h = 7 + -11. Let i = h - -14. What are the prime factors of i?
2, 5
Let n(u) = 1 + u**2 - 2*u + 6*u**2 + 4*u**2. List the prime factors of n(-2).
7
Let z be (-1)/1 - (-2 - -1). Suppose -2*h = -3*g + g - 14, 4*h - 38 